{"id":1003,"date":"2023-08-09T07:41:53","date_gmt":"2023-08-09T01:41:53","guid":{"rendered":"https:\/\/utla.edu.sv\/?page_id=1003"},"modified":"2023-08-09T07:51:36","modified_gmt":"2023-08-09T01:51:36","slug":"valores-y-politica","status":"publish","type":"page","link":"https:\/\/utla.edu.sv\/?page_id=1003","title":{"rendered":"valores y politica"},"content":{"rendered":"\n<figure class=\"wp-block-pullquote has-text-color has-medium-font-size\" style=\"color:#182fb7\"><blockquote><p><strong><mark style=\"background-color:rgba(0, 0, 0, 0);color:#2145a1\" class=\"has-inline-color\">VALORES INSTITUCIONALES<\/mark><\/strong><\/p><\/blockquote><\/figure>\n\n\n\n<div class=\"wp-block-columns is-layout-flex wp-container-core-columns-is-layout-9d6595d7 wp-block-columns-is-layout-flex\">\n<div class=\"wp-block-column is-layout-flow wp-block-column-is-layout-flow\" style=\"flex-basis:33.33%\"><div class=\"wp-block-image\">\n<figure class=\"aligncenter size-large\"><img fetchpriority=\"high\" decoding=\"async\" width=\"1024\" height=\"881\" src=\"https:\/\/utla.edu.sv\/wp-content\/uploads\/2023\/05\/MISION-1024x881.jpg\" alt=\"\" class=\"wp-image-434\" srcset=\"https:\/\/utla.edu.sv\/wp-content\/uploads\/2023\/05\/MISION-1024x881.jpg 1024w, https:\/\/utla.edu.sv\/wp-content\/uploads\/2023\/05\/MISION-300x258.jpg 300w, https:\/\/utla.edu.sv\/wp-content\/uploads\/2023\/05\/MISION-768x661.jpg 768w, https:\/\/utla.edu.sv\/wp-content\/uploads\/2023\/05\/MISION-1536x1322.jpg 1536w, https:\/\/utla.edu.sv\/wp-content\/uploads\/2023\/05\/MISION-2048x1763.jpg 2048w\" sizes=\"(max-width: 1024px) 100vw, 1024px\" \/><\/figure>\n<\/div><\/div>\n\n\n\n<div class=\"wp-block-column is-layout-flow wp-block-column-is-layout-flow\" style=\"flex-basis:66.66%\">\n<p class=\"has-text-color\" style=\"color:#2145a1\">Los valores son los principios, creencias y actitudes que deben regular el comportamiento de la instituci\u00f3n y con\ufb01gurarse en el marco de referencia que inspire nuestro trabajo<\/p>\n\n\n\n<p class=\"has-text-color\" style=\"color:#2145a1\"><strong>Compromiso:<\/strong> Cumplir con obligaciones y deberes adquiridos.<\/p>\n\n\n\n<p class=\"has-text-color\" style=\"color:#2145a1\"><strong>Integridad:<\/strong> Conducta apegada a la verdad y fiel a buenos principios de comportamiento.<\/p>\n\n\n\n<p class=\"has-text-color\" style=\"color:#2145a1\"><strong>Respeto:<\/strong> Reconocimiento de los derechos de los dem\u00e1s, trat\u00e1ndoles con cortes\u00eda y transparencia seg\u00fan las normas institucionales.<\/p>\n\n\n\n<p class=\"has-text-color\" style=\"color:#2145a1\"><strong>Seriedad:<\/strong> Formalidad en nuestras acciones y responsabilidades.<strong>Sensibilidad Social:<\/strong> Identificaci\u00f3n y b\u00fasqueda de soluciones a las necesidades y problemas de la sociedad<\/p>\n<\/div>\n<\/div>\n\n\n\n<figure class=\"wp-block-pullquote has-medium-font-size\"><blockquote><p><mark style=\"background-color:rgba(0, 0, 0, 0);color:#2145a1\" class=\"has-inline-color\"><strong>POLITICA DE CALIDAD<\/strong><\/mark><\/p><\/blockquote><\/figure>\n\n\n\n<div class=\"wp-block-columns is-layout-flex wp-container-core-columns-is-layout-9d6595d7 wp-block-columns-is-layout-flex\">\n<div class=\"wp-block-column is-layout-flow wp-block-column-is-layout-flow\" style=\"flex-basis:66.66%\">\n<h2 class=\"wp-block-heading has-text-align-center\"><mark style=\"background-color:rgba(0, 0, 0, 0);color:#342a9d\" class=\"has-inline-color\"><strong>Nuestros Compromisos:<\/strong><\/mark><\/h2>\n\n\n\n<p class=\"has-text-color\" style=\"color:#2145a1\">Formar integralmente profesionales mediante un modelo educativo actualizado (metodolog\u00eda de ense\u00f1anza, tecnolog\u00eda, recurso humano de avanzada) y acorde a las necesidades del entorno.<\/p>\n\n\n\n<ol class=\"has-text-color wp-block-list\" style=\"color:#2145a1\">\n<li>Contribuir a la soluci\u00f3n de los problemas nacionales por medio de las unidades de Investigaci\u00f3n y Proyecci\u00f3n Social.<\/li>\n\n\n\n<li>Lograr la satisfacci\u00f3n de los estudiantes, proporcionando servicios de educaci\u00f3n superior universitaria que cumplen con est\u00e1ndares de calidad.<\/li>\n\n\n\n<li>Contar con personal docente y administrativo competente y comprometido con la mejora continua de nuestros procesos.<\/li>\n\n\n\n<li>Brindar recursos educativos (Infraestructura, recursos bibliogr\u00e1ficos, did\u00e1cticos, audiovisuales) de acuerdo con la demanda del Proceso Ense\u00f1anza Aprendizaje. <\/li>\n\n\n\n<li>Proporcionar servicios educativos y administrativos mediante una atenci\u00f3n cordial, esmerada y oportuna<mark style=\"background-color:rgba(0, 0, 0, 0);color:#342a9d\" class=\"has-inline-color\">.<\/mark><\/li>\n<\/ol>\n<\/div>\n\n\n\n<div class=\"wp-block-column is-layout-flow wp-block-column-is-layout-flow\" style=\"flex-basis:33.33%\"><div class=\"wp-block-image\">\n<figure class=\"aligncenter size-large\"><img decoding=\"async\" width=\"1024\" height=\"829\" src=\"https:\/\/utla.edu.sv\/wp-content\/uploads\/2023\/05\/VISION-1024x829.jpg\" alt=\"\" class=\"wp-image-435\" srcset=\"https:\/\/utla.edu.sv\/wp-content\/uploads\/2023\/05\/VISION-1024x829.jpg 1024w, https:\/\/utla.edu.sv\/wp-content\/uploads\/2023\/05\/VISION-300x243.jpg 300w, https:\/\/utla.edu.sv\/wp-content\/uploads\/2023\/05\/VISION-768x622.jpg 768w, https:\/\/utla.edu.sv\/wp-content\/uploads\/2023\/05\/VISION-1536x1243.jpg 1536w, https:\/\/utla.edu.sv\/wp-content\/uploads\/2023\/05\/VISION-2048x1658.jpg 2048w\" sizes=\"(max-width: 1024px) 100vw, 1024px\" \/><\/figure>\n<\/div><\/div>\n<\/div>\n","protected":false},"excerpt":{"rendered":"<p>VALORES INSTITUCIONALES Los valores son los principios, creencias y actitudes que deben regular el comportamiento de la instituci\u00f3n y con\ufb01gurarse en el marco de referencia que inspire nuestro trabajo Compromiso: Cumplir con obligaciones y deberes adquiridos. Integridad: Conducta apegada a la verdad y fiel a buenos principios de comportamiento. Respeto: Reconocimiento de los derechos de los dem\u00e1s, trat\u00e1ndoles con cortes\u00eda y transparencia seg\u00fan las normas institucionales. Seriedad: Formalidad en nuestras acciones y responsabilidades.Sensibilidad Social: Identificaci\u00f3n y b\u00fasqueda de soluciones a las necesidades y problemas de la sociedad POLITICA DE CALIDAD Nuestros Compromisos: Formar integralmente profesionales mediante un modelo educativo actualizado (metodolog\u00eda de ense\u00f1anza, tecnolog\u00eda, recurso humano de avanzada) y acorde a las necesidades del entorno.<\/p>\n","protected":false},"author":2,"featured_media":0,"parent":0,"menu_order":0,"comment_status":"closed","ping_status":"closed","template":"","meta":{"_monsterinsights_skip_tracking":false,"_monsterinsights_sitenote_active":false,"_monsterinsights_sitenote_note":"","_monsterinsights_sitenote_category":0,"neve_meta_sidebar":"","neve_meta_container":"","neve_meta_enable_content_width":"","neve_meta_content_width":0,"neve_meta_title_alignment":"","neve_meta_author_avatar":"","neve_post_elements_order":"","neve_meta_disable_header":"","neve_meta_disable_footer":"off","neve_meta_disable_title":"on","footnotes":""},"class_list":["post-1003","page","type-page","status-publish","hentry"],"_links":{"self":[{"href":"https:\/\/utla.edu.sv\/index.php?rest_route=\/wp\/v2\/pages\/1003","targetHints":{"allow":["GET"]}}],"collection":[{"href":"https:\/\/utla.edu.sv\/index.php?rest_route=\/wp\/v2\/pages"}],"about":[{"href":"https:\/\/utla.edu.sv\/index.php?rest_route=\/wp\/v2\/types\/page"}],"author":[{"embeddable":true,"href":"https:\/\/utla.edu.sv\/index.php?rest_route=\/wp\/v2\/users\/2"}],"replies":[{"embeddable":true,"href":"https:\/\/utla.edu.sv\/index.php?rest_route=%2Fwp%2Fv2%2Fcomments&post=1003"}],"version-history":[{"count":3,"href":"https:\/\/utla.edu.sv\/index.php?rest_route=\/wp\/v2\/pages\/1003\/revisions"}],"predecessor-version":[{"id":1008,"href":"https:\/\/utla.edu.sv\/index.php?rest_route=\/wp\/v2\/pages\/1003\/revisions\/1008"}],"wp:attachment":[{"href":"https:\/\/utla.edu.sv\/index.php?rest_route=%2Fwp%2Fv2%2Fmedia&parent=1003"}],"curies":[{"name":"wp","href":"https:\/\/api.w.org\/{rel}","templated":true}]}}