{"id":1042,"date":"2023-08-19T10:08:46","date_gmt":"2023-08-19T04:08:46","guid":{"rendered":"https:\/\/utla.edu.sv\/?page_id=1042"},"modified":"2025-02-10T05:15:24","modified_gmt":"2025-02-09T23:15:24","slug":"comite-de-seguridad-ocupacional","status":"publish","type":"page","link":"https:\/\/utla.edu.sv\/?page_id=1042","title":{"rendered":"Comit\u00e9 de Seguridad Ocupacional"},"content":{"rendered":"\t\t<div data-elementor-type=\"wp-page\" data-elementor-id=\"1042\" class=\"elementor elementor-1042\">\n\t\t\t\t\t\t<section class=\"elementor-section elementor-top-section elementor-element elementor-element-7a96546 elementor-section-boxed elementor-section-height-default elementor-section-height-default wpr-particle-no wpr-jarallax-no wpr-parallax-no wpr-sticky-section-no\" data-id=\"7a96546\" data-element_type=\"section\">\n\t\t\t\t\t\t<div class=\"elementor-container elementor-column-gap-default\">\n\t\t\t\t\t<div class=\"elementor-column elementor-col-100 elementor-top-column elementor-element elementor-element-66b12b3\" data-id=\"66b12b3\" data-element_type=\"column\">\n\t\t\t<div class=\"elementor-widget-wrap elementor-element-populated\">\n\t\t\t\t\t\t<div class=\"elementor-element elementor-element-c41dc55 elementor-widget elementor-widget-heading\" data-id=\"c41dc55\" data-element_type=\"widget\" data-widget_type=\"heading.default\">\n\t\t\t\t<div class=\"elementor-widget-container\">\n\t\t\t\t\t<h2 class=\"elementor-heading-title elementor-size-default\">Comit\u00e9 de Seguridad Y Salud Ocupacional<\/h2>\t\t\t\t<\/div>\n\t\t\t\t<\/div>\n\t\t\t\t\t<\/div>\n\t\t<\/div>\n\t\t\t\t\t<\/div>\n\t\t<\/section>\n\t\t\t\t<section class=\"elementor-section elementor-top-section elementor-element elementor-element-07c4758 elementor-section-boxed elementor-section-height-default elementor-section-height-default wpr-particle-no wpr-jarallax-no wpr-parallax-no wpr-sticky-section-no\" data-id=\"07c4758\" data-element_type=\"section\">\n\t\t\t\t\t\t<div class=\"elementor-container elementor-column-gap-default\">\n\t\t\t\t\t<div class=\"elementor-column elementor-col-100 elementor-top-column elementor-element elementor-element-bb34c86\" data-id=\"bb34c86\" data-element_type=\"column\">\n\t\t\t<div class=\"elementor-widget-wrap elementor-element-populated\">\n\t\t\t\t\t\t<div class=\"elementor-element elementor-element-f276e7c elementor-widget elementor-widget-text-editor\" data-id=\"f276e7c\" data-element_type=\"widget\" data-widget_type=\"text-editor.default\">\n\t\t\t\t<div class=\"elementor-widget-container\">\n\t\t\t\t\t\t\t\t\t<p>El martes 20 de marzo del a\u00f1o 2024, el Comit\u00e9 de Seguridad y Salud Ocupacional (CSSO) desarrollo el simulacro de evacuaci\u00f3n ante sismo donde se tuvo la participaci\u00f3n de estudiantes y personal en general de la universidad. La evacuaci\u00f3n se ejecut\u00f3 en un tiempo de 3 minutos con13 segundos. Esta actividad se realiz\u00f3 con la finalidad de estar preparados ante un caso de emergencia que pueda surgir en jornada laboral.<\/p>\t\t\t\t\t\t\t\t<\/div>\n\t\t\t\t<\/div>\n\t\t\t\t\t<\/div>\n\t\t<\/div>\n\t\t\t\t\t<\/div>\n\t\t<\/section>\n\t\t\t\t<section class=\"elementor-section elementor-top-section elementor-element elementor-element-44ddfd7 elementor-section-boxed elementor-section-height-default elementor-section-height-default wpr-particle-no wpr-jarallax-no wpr-parallax-no wpr-sticky-section-no\" data-id=\"44ddfd7\" data-element_type=\"section\">\n\t\t\t\t\t\t<div class=\"elementor-container elementor-column-gap-default\">\n\t\t\t\t\t<div class=\"elementor-column elementor-col-50 elementor-top-column elementor-element elementor-element-e70cec3\" data-id=\"e70cec3\" data-element_type=\"column\">\n\t\t\t<div class=\"elementor-widget-wrap elementor-element-populated\">\n\t\t\t\t\t\t<div class=\"elementor-element elementor-element-50f3c53 elementor-widget elementor-widget-image\" data-id=\"50f3c53\" data-element_type=\"widget\" data-widget_type=\"image.default\">\n\t\t\t\t<div class=\"elementor-widget-container\">\n\t\t\t\t\t\t\t\t\t\t\t\t\t\t\t<img fetchpriority=\"high\" decoding=\"async\" width=\"556\" height=\"445\" src=\"https:\/\/utla.edu.sv\/wp-content\/uploads\/2025\/02\/csso1-012024.png\" class=\"attachment-large size-large wp-image-2290\" alt=\"\" srcset=\"https:\/\/utla.edu.sv\/wp-content\/uploads\/2025\/02\/csso1-012024.png 556w, https:\/\/utla.edu.sv\/wp-content\/uploads\/2025\/02\/csso1-012024-300x240.png 300w\" sizes=\"(max-width: 556px) 100vw, 556px\" \/>\t\t\t\t\t\t\t\t\t\t\t\t\t\t\t<\/div>\n\t\t\t\t<\/div>\n\t\t\t\t\t<\/div>\n\t\t<\/div>\n\t\t\t\t<div class=\"elementor-column elementor-col-50 elementor-top-column elementor-element elementor-element-17b95cc\" data-id=\"17b95cc\" data-element_type=\"column\">\n\t\t\t<div class=\"elementor-widget-wrap elementor-element-populated\">\n\t\t\t\t\t\t<div class=\"elementor-element elementor-element-20d0507 elementor-widget elementor-widget-image\" data-id=\"20d0507\" data-element_type=\"widget\" data-widget_type=\"image.default\">\n\t\t\t\t<div class=\"elementor-widget-container\">\n\t\t\t\t\t\t\t\t\t\t\t\t\t\t\t<img decoding=\"async\" width=\"556\" height=\"445\" src=\"https:\/\/utla.edu.sv\/wp-content\/uploads\/2025\/02\/csso2-012024.png\" class=\"attachment-large size-large wp-image-2291\" alt=\"\" srcset=\"https:\/\/utla.edu.sv\/wp-content\/uploads\/2025\/02\/csso2-012024.png 556w, https:\/\/utla.edu.sv\/wp-content\/uploads\/2025\/02\/csso2-012024-300x240.png 300w\" sizes=\"(max-width: 556px) 100vw, 556px\" \/>\t\t\t\t\t\t\t\t\t\t\t\t\t\t\t<\/div>\n\t\t\t\t<\/div>\n\t\t\t\t\t<\/div>\n\t\t<\/div>\n\t\t\t\t\t<\/div>\n\t\t<\/section>\n\t\t\t\t<section class=\"elementor-section elementor-top-section elementor-element elementor-element-caf740c elementor-section-boxed elementor-section-height-default elementor-section-height-default wpr-particle-no wpr-jarallax-no wpr-parallax-no wpr-sticky-section-no\" data-id=\"caf740c\" data-element_type=\"section\">\n\t\t\t\t\t\t<div class=\"elementor-container elementor-column-gap-default\">\n\t\t\t\t\t<div class=\"elementor-column elementor-col-33 elementor-top-column elementor-element elementor-element-04938e0\" data-id=\"04938e0\" data-element_type=\"column\">\n\t\t\t<div class=\"elementor-widget-wrap elementor-element-populated\">\n\t\t\t\t\t\t<div class=\"elementor-element elementor-element-44010ed elementor-widget elementor-widget-heading\" data-id=\"44010ed\" data-element_type=\"widget\" data-widget_type=\"heading.default\">\n\t\t\t\t<div class=\"elementor-widget-container\">\n\t\t\t\t\t<h2 class=\"elementor-heading-title elementor-size-default\">Escaneame para ver el video<\/h2>\t\t\t\t<\/div>\n\t\t\t\t<\/div>\n\t\t\t\t\t<\/div>\n\t\t<\/div>\n\t\t\t\t<div class=\"elementor-column elementor-col-66 elementor-top-column elementor-element elementor-element-846e569\" data-id=\"846e569\" data-element_type=\"column\">\n\t\t\t<div class=\"elementor-widget-wrap elementor-element-populated\">\n\t\t\t\t\t\t<div class=\"elementor-element elementor-element-1bcb33e elementor-widget elementor-widget-image\" data-id=\"1bcb33e\" data-element_type=\"widget\" data-widget_type=\"image.default\">\n\t\t\t\t<div class=\"elementor-widget-container\">\n\t\t\t\t\t\t\t\t\t\t\t\t\t\t\t<img decoding=\"async\" width=\"214\" height=\"286\" src=\"https:\/\/utla.edu.sv\/wp-content\/uploads\/2025\/02\/QR-video-CSSO.png\" class=\"attachment-large size-large wp-image-2292\" alt=\"\" \/>\t\t\t\t\t\t\t\t\t\t\t\t\t\t\t<\/div>\n\t\t\t\t<\/div>\n\t\t\t\t\t<\/div>\n\t\t<\/div>\n\t\t\t\t\t<\/div>\n\t\t<\/section>\n\t\t\t\t<section class=\"elementor-section elementor-top-section elementor-element elementor-element-484998e3 elementor-section-boxed elementor-section-height-default elementor-section-height-default wpr-particle-no wpr-jarallax-no wpr-parallax-no wpr-sticky-section-no\" data-id=\"484998e3\" data-element_type=\"section\">\n\t\t\t\t\t\t<div class=\"elementor-container elementor-column-gap-default\">\n\t\t\t\t\t<div class=\"elementor-column elementor-col-100 elementor-top-column elementor-element elementor-element-6cc85988\" data-id=\"6cc85988\" data-element_type=\"column\">\n\t\t\t<div class=\"elementor-widget-wrap elementor-element-populated\">\n\t\t\t\t\t\t<div class=\"elementor-element elementor-element-4d0935cf elementor-widget elementor-widget-text-editor\" data-id=\"4d0935cf\" data-element_type=\"widget\" data-widget_type=\"text-editor.default\">\n\t\t\t\t<div class=\"elementor-widget-container\">\n\t\t\t\t\t\t\t\t\t<p><\/p>\n<figure class=\"wp-block-pullquote has-large-font-size\">\n<blockquote>\n<p><span style=\"font-family: var(--headingsfontfamily),var(--nv-fallback-ff); font-size: var(--wp--preset--font-size--medium); font-weight: var(--h2fontweight); letter-spacing: var(--h2letterspacing); text-transform: var(--h2texttransform); color: var( --e-global-color-text ); background-color: var(--nv-site-bg);\">El fin de nuestro comit\u00e9, es colaborar con los servicios m\u00e9dicos y de primeros auxilios para todos los empleados de nuestra Instituci\u00f3n; as\u00ed como tambi\u00e9n, supervisar los servicios de seguridad y salud en el trabajo, la asistencia y asesoramiento de inquietudes generales.<\/span><\/p>\n<\/blockquote>\n<\/figure>\n<p><\/p>\n<hr class=\"wp-block-separator has-alpha-channel-opacity\" \/>\n<p><\/p>\n<h2 class=\"wp-block-heading has-medium-font-size\">Entrega de equipo de protecci\u00f3n<\/h2>\n<p><\/p>\n<p>Se realizo la entrega de equipo de protecci\u00f3n respectivo a nuestro equipo de limpieza y mantenimiento, para evitar accidentes o emergencias que pueden surgir en las actividades diarias.<\/p>\n<p><\/p>\n<div class=\"wp-block-columns is-layout-flex wp-container-core-columns-is-layout-9d6595d7 wp-block-columns-is-layout-flex\">\n<p><\/p>\n<div class=\"wp-block-column is-layout-flow wp-block-column-is-layout-flow\">\n<p><\/p>\n<figure class=\"wp-block-image size-large\"><img loading=\"lazy\" decoding=\"async\" width=\"1024\" height=\"683\" class=\"wp-image-1091\" src=\"https:\/\/utla.edu.sv\/wp-content\/uploads\/2023\/08\/DSC05252-1024x683.jpg\" alt=\"\" srcset=\"https:\/\/utla.edu.sv\/wp-content\/uploads\/2023\/08\/DSC05252-1024x683.jpg 1024w, https:\/\/utla.edu.sv\/wp-content\/uploads\/2023\/08\/DSC05252-300x200.jpg 300w, https:\/\/utla.edu.sv\/wp-content\/uploads\/2023\/08\/DSC05252-768x512.jpg 768w, https:\/\/utla.edu.sv\/wp-content\/uploads\/2023\/08\/DSC05252-1536x1024.jpg 1536w, https:\/\/utla.edu.sv\/wp-content\/uploads\/2023\/08\/DSC05252-2048x1365.jpg 2048w, https:\/\/utla.edu.sv\/wp-content\/uploads\/2023\/08\/DSC05252-930x620.jpg 930w\" sizes=\"(max-width: 1024px) 100vw, 1024px\" \/><\/figure>\n<p><\/p>\n<\/div>\n<p><\/p>\n<div class=\"wp-block-column is-layout-flow wp-block-column-is-layout-flow\">\n<p><\/p>\n<figure class=\"wp-block-image size-large\"><img loading=\"lazy\" decoding=\"async\" width=\"1024\" height=\"683\" class=\"wp-image-1093\" src=\"https:\/\/utla.edu.sv\/wp-content\/uploads\/2023\/08\/DSC05316-1024x683.jpg\" alt=\"\" srcset=\"https:\/\/utla.edu.sv\/wp-content\/uploads\/2023\/08\/DSC05316-1024x683.jpg 1024w, https:\/\/utla.edu.sv\/wp-content\/uploads\/2023\/08\/DSC05316-300x200.jpg 300w, https:\/\/utla.edu.sv\/wp-content\/uploads\/2023\/08\/DSC05316-768x512.jpg 768w, https:\/\/utla.edu.sv\/wp-content\/uploads\/2023\/08\/DSC05316-1536x1024.jpg 1536w, https:\/\/utla.edu.sv\/wp-content\/uploads\/2023\/08\/DSC05316-2048x1365.jpg 2048w, https:\/\/utla.edu.sv\/wp-content\/uploads\/2023\/08\/DSC05316-930x620.jpg 930w\" sizes=\"(max-width: 1024px) 100vw, 1024px\" \/><\/figure>\n<p><\/p>\n<\/div>\n<p><\/p>\n<\/div>\n<p><\/p>\n<hr class=\"wp-block-separator has-alpha-channel-opacity\" \/>\n<p><\/p>\n<h2 class=\"wp-block-heading has-medium-font-size\">Charla: \u00abPrevenciones de adicciones y alcoholismo\u00bb<\/h2>\n<p><\/p>\n<p>Con dicha charla se busc\u00f3, dar a conocer y concientizar a nuestros trabajadores de forma objetiva y veraz, la realidad sobre los efectos que las bebidas con contenido alcoh\u00f3lico tienen en nuestra sociedad y en especial en el campo de la salud.<\/p>\n<p><\/p>\n<div class=\"wp-block-columns is-layout-flex wp-container-core-columns-is-layout-9d6595d7 wp-block-columns-is-layout-flex\">\n<p><\/p>\n<div class=\"wp-block-column is-layout-flow wp-block-column-is-layout-flow\">\n<p><\/p>\n<figure class=\"wp-block-image size-full\"><img loading=\"lazy\" decoding=\"async\" width=\"1024\" height=\"768\" class=\"wp-image-1094\" src=\"https:\/\/utla.edu.sv\/wp-content\/uploads\/2023\/08\/WhatsApp-Image-2023-08-21-at-10.26.42-AM-1.jpeg\" alt=\"\" srcset=\"https:\/\/utla.edu.sv\/wp-content\/uploads\/2023\/08\/WhatsApp-Image-2023-08-21-at-10.26.42-AM-1.jpeg 1024w, https:\/\/utla.edu.sv\/wp-content\/uploads\/2023\/08\/WhatsApp-Image-2023-08-21-at-10.26.42-AM-1-300x225.jpeg 300w, https:\/\/utla.edu.sv\/wp-content\/uploads\/2023\/08\/WhatsApp-Image-2023-08-21-at-10.26.42-AM-1-768x576.jpeg 768w\" sizes=\"(max-width: 1024px) 100vw, 1024px\" \/><\/figure>\n<p><\/p>\n<\/div>\n<p><\/p>\n<div class=\"wp-block-column is-layout-flow wp-block-column-is-layout-flow\">\n<p><\/p>\n<figure class=\"wp-block-image size-full\"><img loading=\"lazy\" decoding=\"async\" width=\"1024\" height=\"768\" class=\"wp-image-1095\" src=\"https:\/\/utla.edu.sv\/wp-content\/uploads\/2023\/08\/WhatsApp-Image-2023-08-21-at-10.26.42-AM.jpeg\" alt=\"\" srcset=\"https:\/\/utla.edu.sv\/wp-content\/uploads\/2023\/08\/WhatsApp-Image-2023-08-21-at-10.26.42-AM.jpeg 1024w, https:\/\/utla.edu.sv\/wp-content\/uploads\/2023\/08\/WhatsApp-Image-2023-08-21-at-10.26.42-AM-300x225.jpeg 300w, https:\/\/utla.edu.sv\/wp-content\/uploads\/2023\/08\/WhatsApp-Image-2023-08-21-at-10.26.42-AM-768x576.jpeg 768w\" sizes=\"(max-width: 1024px) 100vw, 1024px\" \/><\/figure>\n<p><\/p>\n<\/div>\n<p><\/p>\n<\/div>\n<p><\/p>\t\t\t\t\t\t\t\t<\/div>\n\t\t\t\t<\/div>\n\t\t\t\t\t<\/div>\n\t\t<\/div>\n\t\t\t\t\t<\/div>\n\t\t<\/section>\n\t\t\t\t<\/div>\n\t\t","protected":false},"excerpt":{"rendered":"<p>Comit\u00e9 de Seguridad Y Salud Ocupacional El martes 20 de marzo del a\u00f1o 2024, el Comit\u00e9 de Seguridad y Salud Ocupacional (CSSO) desarrollo el simulacro de evacuaci\u00f3n ante sismo donde se tuvo la participaci\u00f3n de estudiantes y personal en general de la universidad. La evacuaci\u00f3n se ejecut\u00f3 en un tiempo de 3 minutos con13 segundos. Esta actividad se realiz\u00f3 con la finalidad de estar preparados ante un caso de emergencia que pueda surgir en jornada laboral. Escaneame para ver el video El fin de nuestro comit\u00e9, es colaborar con los servicios m\u00e9dicos y de primeros auxilios para todos los empleados de nuestra Instituci\u00f3n; as\u00ed como tambi\u00e9n, supervisar los servicios de seguridad y salud en el trabajo, la asistencia y asesoramiento de inquietudes generales. Entrega de equipo de protecci\u00f3n Se realizo la entrega de equipo de protecci\u00f3n respectivo a nuestro equipo de limpieza y mantenimiento, para evitar accidentes o emergencias que pueden surgir en las actividades diarias. Charla: \u00abPrevenciones de adicciones y alcoholismo\u00bb Con dicha charla se busc\u00f3, dar a conocer y concientizar a nuestros trabajadores de forma objetiva y veraz, la realidad sobre los efectos que las bebidas con contenido alcoh\u00f3lico tienen en nuestra sociedad y en especial en el campo de la salud.<\/p>\n","protected":false},"author":2,"featured_media":0,"parent":0,"menu_order":0,"comment_status":"closed","ping_status":"closed","template":"","meta":{"_monsterinsights_skip_tracking":false,"_monsterinsights_sitenote_active":false,"_monsterinsights_sitenote_note":"","_monsterinsights_sitenote_category":0,"neve_meta_sidebar":"","neve_meta_container":"","neve_meta_enable_content_width":"","neve_meta_content_width":0,"neve_meta_title_alignment":"","neve_meta_author_avatar":"","neve_post_elements_order":"","neve_meta_disable_header":"","neve_meta_disable_footer":"","neve_meta_disable_title":"on","footnotes":""},"class_list":["post-1042","page","type-page","status-publish","hentry"],"_links":{"self":[{"href":"https:\/\/utla.edu.sv\/index.php?rest_route=\/wp\/v2\/pages\/1042","targetHints":{"allow":["GET"]}}],"collection":[{"href":"https:\/\/utla.edu.sv\/index.php?rest_route=\/wp\/v2\/pages"}],"about":[{"href":"https:\/\/utla.edu.sv\/index.php?rest_route=\/wp\/v2\/types\/page"}],"author":[{"embeddable":true,"href":"https:\/\/utla.edu.sv\/index.php?rest_route=\/wp\/v2\/users\/2"}],"replies":[{"embeddable":true,"href":"https:\/\/utla.edu.sv\/index.php?rest_route=%2Fwp%2Fv2%2Fcomments&post=1042"}],"version-history":[{"count":10,"href":"https:\/\/utla.edu.sv\/index.php?rest_route=\/wp\/v2\/pages\/1042\/revisions"}],"predecessor-version":[{"id":2295,"href":"https:\/\/utla.edu.sv\/index.php?rest_route=\/wp\/v2\/pages\/1042\/revisions\/2295"}],"wp:attachment":[{"href":"https:\/\/utla.edu.sv\/index.php?rest_route=%2Fwp%2Fv2%2Fmedia&parent=1042"}],"curies":[{"name":"wp","href":"https:\/\/api.w.org\/{rel}","templated":true}]}}