{"id":1719,"date":"2024-05-26T02:23:33","date_gmt":"2024-05-25T20:23:33","guid":{"rendered":"https:\/\/utla.edu.sv\/?page_id=1719"},"modified":"2025-11-12T23:05:27","modified_gmt":"2025-11-12T17:05:27","slug":"enl","status":"publish","type":"page","link":"https:\/\/utla.edu.sv\/?page_id=1719","title":{"rendered":"enlace horarios propuesto 02-2025"},"content":{"rendered":"\t\t<div data-elementor-type=\"wp-page\" data-elementor-id=\"1719\" class=\"elementor elementor-1719\">\n\t\t\t\t\t\t<section class=\"elementor-section elementor-top-section elementor-element elementor-element-39e16e8 elementor-section-boxed elementor-section-height-default elementor-section-height-default wpr-particle-no wpr-jarallax-no wpr-parallax-no wpr-sticky-section-no\" data-id=\"39e16e8\" data-element_type=\"section\">\n\t\t\t\t\t\t<div class=\"elementor-container elementor-column-gap-default\">\n\t\t\t\t\t<div class=\"elementor-column elementor-col-100 elementor-top-column elementor-element elementor-element-267dda2\" data-id=\"267dda2\" data-element_type=\"column\">\n\t\t\t<div class=\"elementor-widget-wrap elementor-element-populated\">\n\t\t\t\t\t\t<div class=\"elementor-element elementor-element-c8817b0 elementor-widget-divider--view-line elementor-widget elementor-widget-divider\" data-id=\"c8817b0\" data-element_type=\"widget\" data-widget_type=\"divider.default\">\n\t\t\t\t<div class=\"elementor-widget-container\">\n\t\t\t\t\t\t\t<div class=\"elementor-divider\">\n\t\t\t<span class=\"elementor-divider-separator\">\n\t\t\t\t\t\t<\/span>\n\t\t<\/div>\n\t\t\t\t\t\t<\/div>\n\t\t\t\t<\/div>\n\t\t\t\t\t<\/div>\n\t\t<\/div>\n\t\t\t\t\t<\/div>\n\t\t<\/section>\n\t\t\t\t<section class=\"elementor-section elementor-top-section elementor-element elementor-element-5401fd6 elementor-section-boxed elementor-section-height-default elementor-section-height-default wpr-particle-no wpr-jarallax-no wpr-parallax-no wpr-sticky-section-no\" data-id=\"5401fd6\" data-element_type=\"section\">\n\t\t\t\t\t\t<div class=\"elementor-container elementor-column-gap-default\">\n\t\t\t\t\t<div class=\"elementor-column elementor-col-100 elementor-top-column elementor-element elementor-element-4ba2590\" data-id=\"4ba2590\" data-element_type=\"column\">\n\t\t\t<div class=\"elementor-widget-wrap elementor-element-populated\">\n\t\t\t\t\t\t<div class=\"elementor-element elementor-element-0e09d06 elementor-widget elementor-widget-heading\" data-id=\"0e09d06\" data-element_type=\"widget\" data-widget_type=\"heading.default\">\n\t\t\t\t<div class=\"elementor-widget-container\">\n\t\t\t\t\t<h2 class=\"elementor-heading-title elementor-size-default\">Encuesta para elaborar Horarios para el ciclo 01-2026<\/h2>\t\t\t\t<\/div>\n\t\t\t\t<\/div>\n\t\t\t\t\t<\/div>\n\t\t<\/div>\n\t\t\t\t\t<\/div>\n\t\t<\/section>\n\t\t\t\t<section class=\"elementor-section elementor-top-section elementor-element elementor-element-6b73ea0 elementor-section-boxed elementor-section-height-default elementor-section-height-default wpr-particle-no wpr-jarallax-no wpr-parallax-no wpr-sticky-section-no\" data-id=\"6b73ea0\" data-element_type=\"section\">\n\t\t\t\t\t\t<div class=\"elementor-container elementor-column-gap-default\">\n\t\t\t\t\t<div class=\"elementor-column elementor-col-100 elementor-top-column elementor-element elementor-element-fd17ec6\" data-id=\"fd17ec6\" data-element_type=\"column\">\n\t\t\t<div class=\"elementor-widget-wrap elementor-element-populated\">\n\t\t\t\t\t\t<div class=\"elementor-element elementor-element-b1e7526 elementor-widget-divider--view-line elementor-widget elementor-widget-divider\" data-id=\"b1e7526\" data-element_type=\"widget\" data-widget_type=\"divider.default\">\n\t\t\t\t<div class=\"elementor-widget-container\">\n\t\t\t\t\t\t\t<div class=\"elementor-divider\">\n\t\t\t<span class=\"elementor-divider-separator\">\n\t\t\t\t\t\t<\/span>\n\t\t<\/div>\n\t\t\t\t\t\t<\/div>\n\t\t\t\t<\/div>\n\t\t\t\t\t<\/div>\n\t\t<\/div>\n\t\t\t\t\t<\/div>\n\t\t<\/section>\n\t\t\t\t<section class=\"elementor-section elementor-top-section elementor-element elementor-element-a8f774d elementor-section-boxed elementor-section-height-default elementor-section-height-default wpr-particle-no wpr-jarallax-no wpr-parallax-no wpr-sticky-section-no\" data-id=\"a8f774d\" data-element_type=\"section\">\n\t\t\t\t\t\t<div class=\"elementor-container elementor-column-gap-default\">\n\t\t\t\t\t<div class=\"elementor-column elementor-col-33 elementor-top-column elementor-element elementor-element-13c895b\" data-id=\"13c895b\" data-element_type=\"column\">\n\t\t\t<div class=\"elementor-widget-wrap elementor-element-populated\">\n\t\t\t\t\t\t<div class=\"elementor-element elementor-element-35fdfd5 elementor-position-top elementor-widget elementor-widget-image-box\" data-id=\"35fdfd5\" data-element_type=\"widget\" data-widget_type=\"image-box.default\">\n\t\t\t\t<div class=\"elementor-widget-container\">\n\t\t\t\t\t<div class=\"elementor-image-box-wrapper\"><figure class=\"elementor-image-box-img\"><a href=\"https:\/\/forms.office.com\/Pages\/ResponsePage.aspx?id=Yhee4LR5rkuXYRVm9CDcfIXEzg38fE5FkGgcrqJ9VPhURTZINFhUNlVKUUxPRkhVWThXMjgzVjIzQi4u\" target=\"_blank\" tabindex=\"-1\"><img decoding=\"async\" width=\"64\" height=\"64\" src=\"https:\/\/utla.edu.sv\/wp-content\/uploads\/2024\/05\/ing_industrial.png\" class=\"attachment-full size-full wp-image-1720\" alt=\"\" \/><\/a><\/figure><div class=\"elementor-image-box-content\"><h3 class=\"elementor-image-box-title\"><a href=\"https:\/\/forms.office.com\/Pages\/ResponsePage.aspx?id=Yhee4LR5rkuXYRVm9CDcfIXEzg38fE5FkGgcrqJ9VPhURTZINFhUNlVKUUxPRkhVWThXMjgzVjIzQi4u\" target=\"_blank\">Ingenier\u00eda Industrial<\/a><\/h3><\/div><\/div>\t\t\t\t<\/div>\n\t\t\t\t<\/div>\n\t\t\t\t\t<\/div>\n\t\t<\/div>\n\t\t\t\t<div class=\"elementor-column elementor-col-33 elementor-top-column elementor-element elementor-element-065da31\" data-id=\"065da31\" data-element_type=\"column\">\n\t\t\t<div class=\"elementor-widget-wrap elementor-element-populated\">\n\t\t\t\t\t\t<div class=\"elementor-element elementor-element-6f6b001 elementor-position-top elementor-widget elementor-widget-image-box\" data-id=\"6f6b001\" data-element_type=\"widget\" data-widget_type=\"image-box.default\">\n\t\t\t\t<div class=\"elementor-widget-container\">\n\t\t\t\t\t<div class=\"elementor-image-box-wrapper\"><figure class=\"elementor-image-box-img\"><a href=\"https:\/\/forms.office.com\/Pages\/ResponsePage.aspx?id=Yhee4LR5rkuXYRVm9CDcfIXEzg38fE5FkGgcrqJ9VPhUODUzUEQ5SVBSR1VDUkVCMUMzODlXVzFVNC4u\" target=\"_blank\" tabindex=\"-1\"><img decoding=\"async\" width=\"64\" height=\"64\" src=\"https:\/\/utla.edu.sv\/wp-content\/uploads\/2024\/05\/ing_electrica.png\" class=\"attachment-full size-full wp-image-1725\" alt=\"\" \/><\/a><\/figure><div class=\"elementor-image-box-content\"><h3 class=\"elementor-image-box-title\"><a href=\"https:\/\/forms.office.com\/Pages\/ResponsePage.aspx?id=Yhee4LR5rkuXYRVm9CDcfIXEzg38fE5FkGgcrqJ9VPhUODUzUEQ5SVBSR1VDUkVCMUMzODlXVzFVNC4u\" target=\"_blank\">Ingenier\u00eda El\u00e9ctrica<\/a><\/h3><\/div><\/div>\t\t\t\t<\/div>\n\t\t\t\t<\/div>\n\t\t\t\t\t<\/div>\n\t\t<\/div>\n\t\t\t\t<div class=\"elementor-column elementor-col-33 elementor-top-column elementor-element elementor-element-efee5ce\" data-id=\"efee5ce\" data-element_type=\"column\">\n\t\t\t<div class=\"elementor-widget-wrap elementor-element-populated\">\n\t\t\t\t\t\t<div class=\"elementor-element elementor-element-7cb0a3d elementor-position-top elementor-widget elementor-widget-image-box\" data-id=\"7cb0a3d\" data-element_type=\"widget\" data-widget_type=\"image-box.default\">\n\t\t\t\t<div class=\"elementor-widget-container\">\n\t\t\t\t\t<div class=\"elementor-image-box-wrapper\"><figure class=\"elementor-image-box-img\"><a href=\"https:\/\/forms.office.com\/Pages\/ResponsePage.aspx?id=Yhee4LR5rkuXYRVm9CDcfIXEzg38fE5FkGgcrqJ9VPhUNUNJUFFQTENSWE8yWlRZVk5QVlc3WTE3UC4u\" target=\"_blank\" tabindex=\"-1\"><img decoding=\"async\" width=\"64\" height=\"64\" src=\"https:\/\/utla.edu.sv\/wp-content\/uploads\/2024\/05\/ing_mecanica.png\" class=\"attachment-full size-full wp-image-1726\" alt=\"\" \/><\/a><\/figure><div class=\"elementor-image-box-content\"><h3 class=\"elementor-image-box-title\"><a href=\"https:\/\/forms.office.com\/Pages\/ResponsePage.aspx?id=Yhee4LR5rkuXYRVm9CDcfIXEzg38fE5FkGgcrqJ9VPhUNUNJUFFQTENSWE8yWlRZVk5QVlc3WTE3UC4u\" target=\"_blank\">Ingenier\u00eda Mec\u00e1nica<\/a><\/h3><\/div><\/div>\t\t\t\t<\/div>\n\t\t\t\t<\/div>\n\t\t\t\t\t<\/div>\n\t\t<\/div>\n\t\t\t\t\t<\/div>\n\t\t<\/section>\n\t\t\t\t<section class=\"elementor-section elementor-top-section elementor-element elementor-element-5513a28 elementor-section-boxed elementor-section-height-default elementor-section-height-default wpr-particle-no wpr-jarallax-no wpr-parallax-no wpr-sticky-section-no\" data-id=\"5513a28\" data-element_type=\"section\">\n\t\t\t\t\t\t<div class=\"elementor-container elementor-column-gap-default\">\n\t\t\t\t\t<div class=\"elementor-column elementor-col-33 elementor-top-column elementor-element elementor-element-f9fa027\" data-id=\"f9fa027\" data-element_type=\"column\">\n\t\t\t<div class=\"elementor-widget-wrap elementor-element-populated\">\n\t\t\t\t\t\t<div class=\"elementor-element elementor-element-eac2e8c elementor-position-top elementor-widget elementor-widget-image-box\" data-id=\"eac2e8c\" data-element_type=\"widget\" data-widget_type=\"image-box.default\">\n\t\t\t\t<div class=\"elementor-widget-container\">\n\t\t\t\t\t<div class=\"elementor-image-box-wrapper\"><figure class=\"elementor-image-box-img\"><a href=\"https:\/\/forms.office.com\/Pages\/ResponsePage.aspx?id=Yhee4LR5rkuXYRVm9CDcfIXEzg38fE5FkGgcrqJ9VPhUQzZPTktNMEpGWUlPODhLMEtYU1hLQVgyVi4u\" target=\"_blank\" tabindex=\"-1\"><img loading=\"lazy\" decoding=\"async\" width=\"64\" height=\"64\" src=\"https:\/\/utla.edu.sv\/wp-content\/uploads\/2024\/05\/Ing_civil.png\" class=\"attachment-full size-full wp-image-1730\" alt=\"\" \/><\/a><\/figure><div class=\"elementor-image-box-content\"><h3 class=\"elementor-image-box-title\"><a href=\"https:\/\/forms.office.com\/Pages\/ResponsePage.aspx?id=Yhee4LR5rkuXYRVm9CDcfIXEzg38fE5FkGgcrqJ9VPhUQzZPTktNMEpGWUlPODhLMEtYU1hLQVgyVi4u\" target=\"_blank\">Ingenier\u00eda C\u00edvil<\/a><\/h3><\/div><\/div>\t\t\t\t<\/div>\n\t\t\t\t<\/div>\n\t\t\t\t\t<\/div>\n\t\t<\/div>\n\t\t\t\t<div class=\"elementor-column elementor-col-33 elementor-top-column elementor-element elementor-element-4ef2950\" data-id=\"4ef2950\" data-element_type=\"column\">\n\t\t\t<div class=\"elementor-widget-wrap elementor-element-populated\">\n\t\t\t\t\t\t<div class=\"elementor-element elementor-element-268c244 elementor-position-top elementor-widget elementor-widget-image-box\" data-id=\"268c244\" data-element_type=\"widget\" data-widget_type=\"image-box.default\">\n\t\t\t\t<div class=\"elementor-widget-container\">\n\t\t\t\t\t<div class=\"elementor-image-box-wrapper\"><figure class=\"elementor-image-box-img\"><a href=\"https:\/\/forms.office.com\/Pages\/ResponsePage.aspx?id=Yhee4LR5rkuXYRVm9CDcfIXEzg38fE5FkGgcrqJ9VPhUQllSTlVUT1E3OTcyQThEMzA4NDdUOE1POC4u\" target=\"_blank\" tabindex=\"-1\"><img loading=\"lazy\" decoding=\"async\" width=\"64\" height=\"64\" src=\"https:\/\/utla.edu.sv\/wp-content\/uploads\/2024\/05\/Ing_agronomica.png\" class=\"attachment-full size-full wp-image-1734\" alt=\"\" \/><\/a><\/figure><div class=\"elementor-image-box-content\"><h3 class=\"elementor-image-box-title\"><a href=\"https:\/\/forms.office.com\/Pages\/ResponsePage.aspx?id=Yhee4LR5rkuXYRVm9CDcfIXEzg38fE5FkGgcrqJ9VPhUQllSTlVUT1E3OTcyQThEMzA4NDdUOE1POC4u\" target=\"_blank\">Ingenier\u00eda Agron\u00f3mica<\/a><\/h3><\/div><\/div>\t\t\t\t<\/div>\n\t\t\t\t<\/div>\n\t\t\t\t\t<\/div>\n\t\t<\/div>\n\t\t\t\t<div class=\"elementor-column elementor-col-33 elementor-top-column elementor-element elementor-element-cade55a\" data-id=\"cade55a\" data-element_type=\"column\">\n\t\t\t<div class=\"elementor-widget-wrap elementor-element-populated\">\n\t\t\t\t\t\t<div class=\"elementor-element elementor-element-3218867 elementor-position-top elementor-widget elementor-widget-image-box\" data-id=\"3218867\" data-element_type=\"widget\" data-widget_type=\"image-box.default\">\n\t\t\t\t<div class=\"elementor-widget-container\">\n\t\t\t\t\t<div class=\"elementor-image-box-wrapper\"><figure class=\"elementor-image-box-img\"><a href=\"https:\/\/forms.office.com\/Pages\/ResponsePage.aspx?id=Yhee4LR5rkuXYRVm9CDcfIXEzg38fE5FkGgcrqJ9VPhUOEJKWFJHNlVMNFVDN0xaNlJKT005Rk1EQy4u\" target=\"_blank\" tabindex=\"-1\"><img loading=\"lazy\" decoding=\"async\" width=\"64\" height=\"64\" src=\"https:\/\/utla.edu.sv\/wp-content\/uploads\/2024\/05\/ing_electronica.png\" class=\"attachment-full size-full wp-image-1739\" alt=\"\" \/><\/a><\/figure><div class=\"elementor-image-box-content\"><h3 class=\"elementor-image-box-title\"><a href=\"https:\/\/forms.office.com\/Pages\/ResponsePage.aspx?id=Yhee4LR5rkuXYRVm9CDcfIXEzg38fE5FkGgcrqJ9VPhUOEJKWFJHNlVMNFVDN0xaNlJKT005Rk1EQy4u\" target=\"_blank\">Ingenier\u00eda Electr\u00f3nica<\/a><\/h3><\/div><\/div>\t\t\t\t<\/div>\n\t\t\t\t<\/div>\n\t\t\t\t\t<\/div>\n\t\t<\/div>\n\t\t\t\t\t<\/div>\n\t\t<\/section>\n\t\t\t\t<section class=\"elementor-section elementor-top-section elementor-element elementor-element-beaa588 elementor-section-boxed elementor-section-height-default elementor-section-height-default wpr-particle-no wpr-jarallax-no wpr-parallax-no wpr-sticky-section-no\" data-id=\"beaa588\" data-element_type=\"section\">\n\t\t\t\t\t\t<div class=\"elementor-container elementor-column-gap-default\">\n\t\t\t\t\t<div class=\"elementor-column elementor-col-33 elementor-top-column elementor-element elementor-element-cf30764\" data-id=\"cf30764\" data-element_type=\"column\">\n\t\t\t<div class=\"elementor-widget-wrap elementor-element-populated\">\n\t\t\t\t\t\t<div class=\"elementor-element elementor-element-95c6599 elementor-position-top elementor-widget elementor-widget-image-box\" data-id=\"95c6599\" data-element_type=\"widget\" data-widget_type=\"image-box.default\">\n\t\t\t\t<div class=\"elementor-widget-container\">\n\t\t\t\t\t<div class=\"elementor-image-box-wrapper\"><figure class=\"elementor-image-box-img\"><a href=\"https:\/\/forms.office.com\/Pages\/ResponsePage.aspx?id=Yhee4LR5rkuXYRVm9CDcfIXEzg38fE5FkGgcrqJ9VPhUOUQxVkJHNEJVVUI1MTRZWDNZTUhMRkFDNC4u\" target=\"_blank\" tabindex=\"-1\"><img loading=\"lazy\" decoding=\"async\" width=\"64\" height=\"64\" src=\"https:\/\/utla.edu.sv\/wp-content\/uploads\/2024\/05\/Ing_en-sistemas.png\" class=\"attachment-full size-full wp-image-1744\" alt=\"\" \/><\/a><\/figure><div class=\"elementor-image-box-content\"><h3 class=\"elementor-image-box-title\"><a href=\"https:\/\/forms.office.com\/Pages\/ResponsePage.aspx?id=Yhee4LR5rkuXYRVm9CDcfIXEzg38fE5FkGgcrqJ9VPhUOUQxVkJHNEJVVUI1MTRZWDNZTUhMRkFDNC4u\" target=\"_blank\">Ingenier\u00eda en Sistemas y Tecnolog\u00eda de Informaci\u00f3n<\/a><\/h3><\/div><\/div>\t\t\t\t<\/div>\n\t\t\t\t<\/div>\n\t\t\t\t\t<\/div>\n\t\t<\/div>\n\t\t\t\t<div class=\"elementor-column elementor-col-33 elementor-top-column elementor-element elementor-element-0622511\" data-id=\"0622511\" data-element_type=\"column\">\n\t\t\t<div class=\"elementor-widget-wrap elementor-element-populated\">\n\t\t\t\t\t\t<div class=\"elementor-element elementor-element-f80417c elementor-position-top elementor-widget elementor-widget-image-box\" data-id=\"f80417c\" data-element_type=\"widget\" data-widget_type=\"image-box.default\">\n\t\t\t\t<div class=\"elementor-widget-container\">\n\t\t\t\t\t<div class=\"elementor-image-box-wrapper\"><figure class=\"elementor-image-box-img\"><a href=\"https:\/\/forms.office.com\/Pages\/ResponsePage.aspx?id=Yhee4LR5rkuXYRVm9CDcfIXEzg38fE5FkGgcrqJ9VPhUMTBLWkswTEhFQUE4VDI4RDhVTTRZWVVCTS4u\" target=\"_blank\" tabindex=\"-1\"><img loading=\"lazy\" decoding=\"async\" width=\"64\" height=\"64\" src=\"https:\/\/utla.edu.sv\/wp-content\/uploads\/2024\/05\/lic_admon.png\" class=\"attachment-full size-full wp-image-1749\" alt=\"\" \/><\/a><\/figure><div class=\"elementor-image-box-content\"><h3 class=\"elementor-image-box-title\"><a href=\"https:\/\/forms.office.com\/Pages\/ResponsePage.aspx?id=Yhee4LR5rkuXYRVm9CDcfIXEzg38fE5FkGgcrqJ9VPhUMTBLWkswTEhFQUE4VDI4RDhVTTRZWVVCTS4u\" target=\"_blank\">Licenciatura en Administraci\u00f3n de Empresas<\/a><\/h3><\/div><\/div>\t\t\t\t<\/div>\n\t\t\t\t<\/div>\n\t\t\t\t\t<\/div>\n\t\t<\/div>\n\t\t\t\t<div class=\"elementor-column elementor-col-33 elementor-top-column elementor-element elementor-element-6ec1eb7\" data-id=\"6ec1eb7\" data-element_type=\"column\">\n\t\t\t<div class=\"elementor-widget-wrap elementor-element-populated\">\n\t\t\t\t\t\t<div class=\"elementor-element elementor-element-3b0b3fa elementor-position-top elementor-widget elementor-widget-image-box\" data-id=\"3b0b3fa\" data-element_type=\"widget\" data-widget_type=\"image-box.default\">\n\t\t\t\t<div class=\"elementor-widget-container\">\n\t\t\t\t\t<div class=\"elementor-image-box-wrapper\"><figure class=\"elementor-image-box-img\"><a href=\"https:\/\/forms.office.com\/Pages\/ResponsePage.aspx?id=Yhee4LR5rkuXYRVm9CDcfIXEzg38fE5FkGgcrqJ9VPhURFZJUzNPSjAzTlkyMU5YMFZaSldDMU1NTy4u\" target=\"_blank\" tabindex=\"-1\"><img loading=\"lazy\" decoding=\"async\" width=\"64\" height=\"64\" src=\"https:\/\/utla.edu.sv\/wp-content\/uploads\/2024\/05\/lic_contaduria.png\" class=\"attachment-full size-full wp-image-1754\" alt=\"\" \/><\/a><\/figure><div class=\"elementor-image-box-content\"><h3 class=\"elementor-image-box-title\"><a href=\"https:\/\/forms.office.com\/Pages\/ResponsePage.aspx?id=Yhee4LR5rkuXYRVm9CDcfIXEzg38fE5FkGgcrqJ9VPhURFZJUzNPSjAzTlkyMU5YMFZaSldDMU1NTy4u\" target=\"_blank\">Licenciatura en Contadur\u00eda P\u00fablica<\/a><\/h3><\/div><\/div>\t\t\t\t<\/div>\n\t\t\t\t<\/div>\n\t\t\t\t\t<\/div>\n\t\t<\/div>\n\t\t\t\t\t<\/div>\n\t\t<\/section>\n\t\t\t\t<\/div>\n\t\t","protected":false},"excerpt":{"rendered":"<p>Encuesta para elaborar Horarios para el ciclo 01-2026 Ingenier\u00eda Industrial Ingenier\u00eda El\u00e9ctrica Ingenier\u00eda Mec\u00e1nica Ingenier\u00eda C\u00edvil Ingenier\u00eda Agron\u00f3mica Ingenier\u00eda Electr\u00f3nica Ingenier\u00eda en Sistemas y Tecnolog\u00eda de Informaci\u00f3n Licenciatura en Administraci\u00f3n de Empresas Licenciatura en Contadur\u00eda P\u00fablica<\/p>\n","protected":false},"author":2,"featured_media":0,"parent":0,"menu_order":0,"comment_status":"closed","ping_status":"closed","template":"page-templates\/template-pagebuilder-full-width.php","meta":{"_monsterinsights_skip_tracking":false,"_monsterinsights_sitenote_active":false,"_monsterinsights_sitenote_note":"","_monsterinsights_sitenote_category":0,"neve_meta_sidebar":"","neve_meta_container":"","neve_meta_enable_content_width":"","neve_meta_content_width":0,"neve_meta_title_alignment":"","neve_meta_author_avatar":"","neve_post_elements_order":"","neve_meta_disable_header":"","neve_meta_disable_footer":"","neve_meta_disable_title":"on","footnotes":""},"class_list":["post-1719","page","type-page","status-publish","hentry"],"_links":{"self":[{"href":"https:\/\/utla.edu.sv\/index.php?rest_route=\/wp\/v2\/pages\/1719","targetHints":{"allow":["GET"]}}],"collection":[{"href":"https:\/\/utla.edu.sv\/index.php?rest_route=\/wp\/v2\/pages"}],"about":[{"href":"https:\/\/utla.edu.sv\/index.php?rest_route=\/wp\/v2\/types\/page"}],"author":[{"embeddable":true,"href":"https:\/\/utla.edu.sv\/index.php?rest_route=\/wp\/v2\/users\/2"}],"replies":[{"embeddable":true,"href":"https:\/\/utla.edu.sv\/index.php?rest_route=%2Fwp%2Fv2%2Fcomments&post=1719"}],"version-history":[{"count":91,"href":"https:\/\/utla.edu.sv\/index.php?rest_route=\/wp\/v2\/pages\/1719\/revisions"}],"predecessor-version":[{"id":3318,"href":"https:\/\/utla.edu.sv\/index.php?rest_route=\/wp\/v2\/pages\/1719\/revisions\/3318"}],"wp:attachment":[{"href":"https:\/\/utla.edu.sv\/index.php?rest_route=%2Fwp%2Fv2%2Fmedia&parent=1719"}],"curies":[{"name":"wp","href":"https:\/\/api.w.org\/{rel}","templated":true}]}}