{"id":290,"date":"2023-05-17T01:21:55","date_gmt":"2023-05-17T01:21:55","guid":{"rendered":"https:\/\/utla.edu.sv\/?page_id=290"},"modified":"2026-01-05T21:52:35","modified_gmt":"2026-01-05T15:52:35","slug":"rector","status":"publish","type":"page","link":"https:\/\/utla.edu.sv\/?page_id=290","title":{"rendered":"rector"},"content":{"rendered":"\t\t<div data-elementor-type=\"wp-page\" data-elementor-id=\"290\" class=\"elementor elementor-290\">\n\t\t\t\t\t\t<section class=\"elementor-section elementor-top-section elementor-element elementor-element-262ffcfa elementor-section-boxed elementor-section-height-default elementor-section-height-default wpr-particle-no wpr-jarallax-no wpr-parallax-no wpr-sticky-section-no\" data-id=\"262ffcfa\" data-element_type=\"section\">\n\t\t\t\t\t\t<div class=\"elementor-container elementor-column-gap-default\">\n\t\t\t\t\t<div class=\"elementor-column elementor-col-100 elementor-top-column elementor-element elementor-element-11b915d5\" data-id=\"11b915d5\" data-element_type=\"column\">\n\t\t\t<div class=\"elementor-widget-wrap elementor-element-populated\">\n\t\t\t\t\t\t<div class=\"elementor-element elementor-element-66557b92 elementor-widget elementor-widget-text-editor\" data-id=\"66557b92\" data-element_type=\"widget\" data-widget_type=\"text-editor.default\">\n\t\t\t\t<div class=\"elementor-widget-container\">\n\t\t\t\t\t\t\t\t\t\n<p>\u00a0<\/p>\n\n<div class=\"wp-block-columns is-layout-flex wp-container-core-columns-is-layout-9d6595d7 wp-block-columns-is-layout-flex\">\n<div class=\"wp-block-column is-layout-flow wp-block-column-is-layout-flow\" style=\"flex-basis: 33.33%;\">\n<figure class=\"wp-block-image size-full\"><img fetchpriority=\"high\" decoding=\"async\" width=\"932\" height=\"924\" class=\"wp-image-291\" src=\"https:\/\/utla.edu.sv\/wp-content\/uploads\/2023\/05\/vicerector.png\" alt=\"\" srcset=\"https:\/\/utla.edu.sv\/wp-content\/uploads\/2023\/05\/vicerector.png 932w, https:\/\/utla.edu.sv\/wp-content\/uploads\/2023\/05\/vicerector-300x297.png 300w, https:\/\/utla.edu.sv\/wp-content\/uploads\/2023\/05\/vicerector-150x150.png 150w, https:\/\/utla.edu.sv\/wp-content\/uploads\/2023\/05\/vicerector-768x761.png 768w\" sizes=\"(max-width: 932px) 100vw, 932px\" \/><\/figure>\n<\/div>\n\n<div class=\"wp-block-column is-layout-flow wp-block-column-is-layout-flow\" style=\"flex-basis: 66.66%;\">\n<h3 class=\"wp-block-heading has-text-align-center\">Mensaje del Vice-Rector<\/h3>\n\n<p>Soy Francisco Alfredo Carrillo Larreynaga, Vice Rector de la Universidad T\u00e9cnica Latinoamericana y vicepresidente de la Junta Directiva General. En este nuevo a\u00f1o 2023, tengo el honor de dirigirme a ustedes a fin de brindar la m\u00e1s cordial bienvenida a la Universidad. Esta instituci\u00f3n se preocupa siempre por mantener est\u00e1ndares de calidad en la Docencia, Investigaci\u00f3n y en la Proyecci\u00f3n Social, lo cual representa las funciones sustanciales de la educaci\u00f3n superior. La Universidad T\u00e9cnica Latinoamericana se complace en abrirles sus puertas a todos ustedes, con el prop\u00f3sito de formarles como profesionales integrales con valores y liderazgo.<\/p>\n\n<p>Merecen una felicitaci\u00f3n por este logro temprano, que les brinda la oportunidad de convertirse en dignos universitarios, de aprender y formarse debidamente. Tienen en sus manos una oportunidad inigualable para labrarse una profesi\u00f3n y junto con ello ensanchar los horizontes de progreso y bienestar personal, los que les abre la educaci\u00f3n universitaria.<\/p>\n\n<p>Tengan la seguridad que el personal docente y administrativo de la Universidad T\u00e9cnica Latinoamericana es consciente de su deber y se compromete a brindar un servicio de calidad.<\/p>\n\n<p>Reitero la confianza depositada en este centro de Estudios Superiores, les expreso la m\u00e1s atenta bienvenida a una formaci\u00f3n de alta calidad, con una imagen de solidez y credibilidad.<\/p>\n\n<p>\u201cLos invito a madurar su proyecto de vida, tanto personal como profesional; haciendo realidad el sue\u00f1o de Dios, para cada uno de nosotros, sabiendo que cualquiera que sea, siempre ser\u00e1 garant\u00eda de satisfacci\u00f3n y felicidad\u201d.<\/p>\n<\/div>\n<\/div>\n\t\t\t\t\t\t\t\t<\/div>\n\t\t\t\t<\/div>\n\t\t\t\t\t<\/div>\n\t\t<\/div>\n\t\t\t\t\t<\/div>\n\t\t<\/section>\n\t\t\t\t<section class=\"elementor-section elementor-top-section elementor-element elementor-element-72ee9ed elementor-section-boxed elementor-section-height-default elementor-section-height-default wpr-particle-no wpr-jarallax-no wpr-parallax-no wpr-sticky-section-no\" data-id=\"72ee9ed\" data-element_type=\"section\">\n\t\t\t\t\t\t<div class=\"elementor-container elementor-column-gap-default\">\n\t\t\t\t\t<div class=\"elementor-column elementor-col-100 elementor-top-column elementor-element elementor-element-6dca21d\" data-id=\"6dca21d\" data-element_type=\"column\">\n\t\t\t<div class=\"elementor-widget-wrap elementor-element-populated\">\n\t\t\t\t\t\t<div class=\"elementor-element elementor-element-4566097 elementor-widget-divider--view-line elementor-widget elementor-widget-divider\" data-id=\"4566097\" data-element_type=\"widget\" data-widget_type=\"divider.default\">\n\t\t\t\t<div class=\"elementor-widget-container\">\n\t\t\t\t\t\t\t<div class=\"elementor-divider\">\n\t\t\t<span class=\"elementor-divider-separator\">\n\t\t\t\t\t\t<\/span>\n\t\t<\/div>\n\t\t\t\t\t\t<\/div>\n\t\t\t\t<\/div>\n\t\t\t\t\t<\/div>\n\t\t<\/div>\n\t\t\t\t\t<\/div>\n\t\t<\/section>\n\t\t\t\t<\/div>\n\t\t","protected":false},"excerpt":{"rendered":"<p>\u00a0 Mensaje del Vice-Rector Soy Francisco Alfredo Carrillo Larreynaga, Vice Rector de la Universidad T\u00e9cnica Latinoamericana y vicepresidente de la Junta Directiva General. En este nuevo a\u00f1o 2023, tengo el honor de dirigirme a ustedes a fin de brindar la m\u00e1s cordial bienvenida a la Universidad. Esta instituci\u00f3n se preocupa siempre por mantener est\u00e1ndares de calidad en la Docencia, Investigaci\u00f3n y en la Proyecci\u00f3n Social, lo cual representa las funciones sustanciales de la educaci\u00f3n superior. La Universidad T\u00e9cnica Latinoamericana se complace en abrirles sus puertas a todos ustedes, con el prop\u00f3sito de formarles como profesionales integrales con valores y liderazgo. Merecen una felicitaci\u00f3n por este logro temprano, que les brinda la oportunidad de convertirse en dignos universitarios, de aprender y formarse debidamente. Tienen en sus manos una oportunidad inigualable para labrarse una profesi\u00f3n y junto con ello ensanchar los horizontes de progreso y bienestar personal, los que les abre la educaci\u00f3n universitaria. Tengan la seguridad que el personal docente y administrativo de la Universidad T\u00e9cnica Latinoamericana es consciente de su deber y se compromete a brindar un servicio de calidad. Reitero la confianza depositada en este centro de Estudios Superiores, les expreso la m\u00e1s atenta bienvenida a una formaci\u00f3n de alta calidad, con una imagen de solidez y credibilidad. \u201cLos invito a madurar su proyecto de vida, tanto personal como profesional; haciendo realidad el sue\u00f1o de Dios, para cada uno de nosotros, sabiendo que cualquiera que sea, siempre ser\u00e1 garant\u00eda de satisfacci\u00f3n y felicidad\u201d.<\/p>\n","protected":false},"author":2,"featured_media":0,"parent":0,"menu_order":0,"comment_status":"closed","ping_status":"closed","template":"","meta":{"_monsterinsights_skip_tracking":false,"_monsterinsights_sitenote_active":false,"_monsterinsights_sitenote_note":"","_monsterinsights_sitenote_category":0,"neve_meta_sidebar":"","neve_meta_container":"","neve_meta_enable_content_width":"","neve_meta_content_width":0,"neve_meta_title_alignment":"","neve_meta_author_avatar":"","neve_post_elements_order":"","neve_meta_disable_header":"","neve_meta_disable_footer":"","neve_meta_disable_title":"on","footnotes":""},"class_list":["post-290","page","type-page","status-publish","hentry"],"_links":{"self":[{"href":"https:\/\/utla.edu.sv\/index.php?rest_route=\/wp\/v2\/pages\/290","targetHints":{"allow":["GET"]}}],"collection":[{"href":"https:\/\/utla.edu.sv\/index.php?rest_route=\/wp\/v2\/pages"}],"about":[{"href":"https:\/\/utla.edu.sv\/index.php?rest_route=\/wp\/v2\/types\/page"}],"author":[{"embeddable":true,"href":"https:\/\/utla.edu.sv\/index.php?rest_route=\/wp\/v2\/users\/2"}],"replies":[{"embeddable":true,"href":"https:\/\/utla.edu.sv\/index.php?rest_route=%2Fwp%2Fv2%2Fcomments&post=290"}],"version-history":[{"count":4,"href":"https:\/\/utla.edu.sv\/index.php?rest_route=\/wp\/v2\/pages\/290\/revisions"}],"predecessor-version":[{"id":3395,"href":"https:\/\/utla.edu.sv\/index.php?rest_route=\/wp\/v2\/pages\/290\/revisions\/3395"}],"wp:attachment":[{"href":"https:\/\/utla.edu.sv\/index.php?rest_route=%2Fwp%2Fv2%2Fmedia&parent=290"}],"curies":[{"name":"wp","href":"https:\/\/api.w.org\/{rel}","templated":true}]}}

<div data-elementor-type="wp-page" data-elementor-id="290" class="elementor elementor-290">
						<section class="elementor-section elementor-top-section elementor-element elementor-element-262ffcfa elementor-section-boxed elementor-section-height-default elementor-section-height-default wpr-particle-no wpr-jarallax-no wpr-parallax-no wpr-sticky-section-no" data-id="262ffcfa" data-element_type="section">
						<div class="elementor-container elementor-column-gap-default">
					<div class="elementor-column elementor-col-100 elementor-top-column elementor-element elementor-element-11b915d5" data-id="11b915d5" data-element_type="column">
			<div class="elementor-widget-wrap elementor-element-populated">
						<div class="elementor-element elementor-element-66557b92 elementor-widget elementor-widget-text-editor" data-id="66557b92" data-element_type="widget" data-widget_type="text-editor.default">
				<div class="elementor-widget-container">
									
<p> </p>

<div class="wp-block-columns is-layout-flex wp-container-core-columns-is-layout-9d6595d7 wp-block-columns-is-layout-flex">
<div class="wp-block-column is-layout-flow wp-block-column-is-layout-flow" style="flex-basis: 33.33%;">
<figure class="wp-block-image size-full"><img fetchpriority="high" decoding="async" width="932" height="924" class="wp-image-291" src="https://utla.edu.sv/wp-content/uploads/2023/05/vicerector.png" alt="" srcset="https://utla.edu.sv/wp-content/uploads/2023/05/vicerector.png 932w, https://utla.edu.sv/wp-content/uploads/2023/05/vicerector-300x297.png 300w, https://utla.edu.sv/wp-content/uploads/2023/05/vicerector-150x150.png 150w, https://utla.edu.sv/wp-content/uploads/2023/05/vicerector-768x761.png 768w" sizes="(max-width: 932px) 100vw, 932px" /></figure>
</div>

<div class="wp-block-column is-layout-flow wp-block-column-is-layout-flow" style="flex-basis: 66.66%;">
<h3 class="wp-block-heading has-text-align-center">Mensaje del Vice-Rector</h3>

<p>Soy Francisco Alfredo Carrillo Larreynaga, Vice Rector de la Universidad Técnica Latinoamericana y vicepresidente de la Junta Directiva General. En este nuevo año 2023, tengo el honor de dirigirme a ustedes a fin de brindar la más cordial bienvenida a la Universidad. Esta institución se preocupa siempre por mantener estándares de calidad en la Docencia, Investigación y en la Proyección Social, lo cual representa las funciones sustanciales de la educación superior. La Universidad Técnica Latinoamericana se complace en abrirles sus puertas a todos ustedes, con el propósito de formarles como profesionales integrales con valores y liderazgo.</p>

<p>Merecen una felicitación por este logro temprano, que les brinda la oportunidad de convertirse en dignos universitarios, de aprender y formarse debidamente. Tienen en sus manos una oportunidad inigualable para labrarse una profesión y junto con ello ensanchar los horizontes de progreso y bienestar personal, los que les abre la educación universitaria.</p>

<p>Tengan la seguridad que el personal docente y administrativo de la Universidad Técnica Latinoamericana es consciente de su deber y se compromete a brindar un servicio de calidad.</p>

<p>Reitero la confianza depositada en este centro de Estudios Superiores, les expreso la más atenta bienvenida a una formación de alta calidad, con una imagen de solidez y credibilidad.</p>

<p>“Los invito a madurar su proyecto de vida, tanto personal como profesional; haciendo realidad el sueño de Dios, para cada uno de nosotros, sabiendo que cualquiera que sea, siempre será garantía de satisfacción y felicidad”.</p>
</div>
</div>
								</div>
				</div>
					</div>
		</div>
					</div>
		</section>
				<section class="elementor-section elementor-top-section elementor-element elementor-element-72ee9ed elementor-section-boxed elementor-section-height-default elementor-section-height-default wpr-particle-no wpr-jarallax-no wpr-parallax-no wpr-sticky-section-no" data-id="72ee9ed" data-element_type="section">
						<div class="elementor-container elementor-column-gap-default">
					<div class="elementor-column elementor-col-100 elementor-top-column elementor-element elementor-element-6dca21d" data-id="6dca21d" data-element_type="column">
			<div class="elementor-widget-wrap elementor-element-populated">
						<div class="elementor-element elementor-element-4566097 elementor-widget-divider--view-line elementor-widget elementor-widget-divider" data-id="4566097" data-element_type="widget" data-widget_type="divider.default">
				<div class="elementor-widget-container">
							<div class="elementor-divider">
			<span class="elementor-divider-separator">
						</span>
		</div>
						</div>
				</div>
					</div>
		</div>
					</div>
		</section>
				</div>

<p>  Mensaje del Vice-Rector Soy Francisco Alfredo Carrillo Larreynaga, Vice Rector de la Universidad Técnica Latinoamericana y vicepresidente de la Junta Directiva General. En este nuevo año 2023, tengo el honor de dirigirme a ustedes a fin de brindar la más cordial bienvenida a la Universidad. Esta institución se preocupa siempre por mantener estándares de calidad en la Docencia, Investigación y en la Proyección Social, lo cual representa las funciones sustanciales de la educación superior. La Universidad Técnica Latinoamericana se complace en abrirles sus puertas a todos ustedes, con el propósito de formarles como profesionales integrales con valores y liderazgo. Merecen una felicitación por este logro temprano, que les brinda la oportunidad de convertirse en dignos universitarios, de aprender y formarse debidamente. Tienen en sus manos una oportunidad inigualable para labrarse una profesión y junto con ello ensanchar los horizontes de progreso y bienestar personal, los que les abre la educación universitaria. Tengan la seguridad que el personal docente y administrativo de la Universidad Técnica Latinoamericana es consciente de su deber y se compromete a brindar un servicio de calidad. Reitero la confianza depositada en este centro de Estudios Superiores, les expreso la más atenta bienvenida a una formación de alta calidad, con una imagen de solidez y credibilidad. “Los invito a madurar su proyecto de vida, tanto personal como profesional; haciendo realidad el sueño de Dios, para cada uno de nosotros, sabiendo que cualquiera que sea, siempre será garantía de satisfacción y felicidad”.</p>
