{"id":682,"date":"2023-05-26T23:13:59","date_gmt":"2023-05-26T17:13:59","guid":{"rendered":"https:\/\/utla.edu.sv\/?page_id=682"},"modified":"2024-06-05T21:55:17","modified_gmt":"2024-06-05T15:55:17","slug":"proyectos-2023","status":"publish","type":"page","link":"https:\/\/utla.edu.sv\/?page_id=682","title":{"rendered":"Proyecci\u00f3n Social 2023"},"content":{"rendered":"\n<figure class=\"wp-block-pullquote has-medium-font-size\"><blockquote><p>PROYECCI\u00d3N SOCIAL 2023<\/p><\/blockquote><\/figure>\n\n\n\n<hr class=\"wp-block-separator has-alpha-channel-opacity\"\/>\n\n\n\n<h2 class=\"wp-block-heading has-medium-font-size\"><strong>\u201cPrograma formativo en inform\u00e1tica aplicada\u201d <\/strong><\/h2>\n\n\n\n<p>El objetivo de dicho taller fue brindar conocimientos b\u00e1sicos en inform\u00e1tica para fortalecer la autonom\u00eda socioecon\u00f3mica de las mujeres emprendedoras que son apoyadas por la FAD juventud y AMT (Asociaci\u00f3n de Mujeres Tecle\u00f1as) del municipio de Santa Tecla. En el cual se desenvolvieron de una excelente forma, ampliando sus conocimientos y brind\u00e1ndoles m\u00e1s oportunidades que les permitan crecer en su negocio con ayuda de herramientas de inform\u00e1tica.<\/p>\n\n\n\n<div class=\"wp-block-group\"><div class=\"wp-block-group__inner-container is-layout-constrained wp-block-group-is-layout-constrained\">\n<div class=\"wp-block-columns is-layout-flex wp-container-core-columns-is-layout-9d6595d7 wp-block-columns-is-layout-flex\">\n<div class=\"wp-block-column is-layout-flow wp-block-column-is-layout-flow\">\n<figure class=\"wp-block-image size-large\"><img fetchpriority=\"high\" decoding=\"async\" width=\"1024\" height=\"683\" src=\"https:\/\/utla.edu.sv\/wp-content\/uploads\/2023\/05\/DSC04080-1024x683.jpg\" alt=\"\" class=\"wp-image-690\" srcset=\"https:\/\/utla.edu.sv\/wp-content\/uploads\/2023\/05\/DSC04080-1024x683.jpg 1024w, https:\/\/utla.edu.sv\/wp-content\/uploads\/2023\/05\/DSC04080-300x200.jpg 300w, https:\/\/utla.edu.sv\/wp-content\/uploads\/2023\/05\/DSC04080-768x512.jpg 768w, https:\/\/utla.edu.sv\/wp-content\/uploads\/2023\/05\/DSC04080-1536x1024.jpg 1536w, https:\/\/utla.edu.sv\/wp-content\/uploads\/2023\/05\/DSC04080-2048x1365.jpg 2048w, https:\/\/utla.edu.sv\/wp-content\/uploads\/2023\/05\/DSC04080-930x620.jpg 930w\" sizes=\"(max-width: 1024px) 100vw, 1024px\" \/><\/figure>\n<\/div>\n\n\n\n<div class=\"wp-block-column is-layout-flow wp-block-column-is-layout-flow\">\n<figure class=\"wp-block-image size-large\"><img decoding=\"async\" width=\"1024\" height=\"683\" src=\"https:\/\/utla.edu.sv\/wp-content\/uploads\/2023\/05\/DSC04370-1024x683.jpg\" alt=\"\" class=\"wp-image-691\" srcset=\"https:\/\/utla.edu.sv\/wp-content\/uploads\/2023\/05\/DSC04370-1024x683.jpg 1024w, https:\/\/utla.edu.sv\/wp-content\/uploads\/2023\/05\/DSC04370-300x200.jpg 300w, https:\/\/utla.edu.sv\/wp-content\/uploads\/2023\/05\/DSC04370-768x512.jpg 768w, https:\/\/utla.edu.sv\/wp-content\/uploads\/2023\/05\/DSC04370-1536x1024.jpg 1536w, https:\/\/utla.edu.sv\/wp-content\/uploads\/2023\/05\/DSC04370-2048x1365.jpg 2048w, https:\/\/utla.edu.sv\/wp-content\/uploads\/2023\/05\/DSC04370-930x620.jpg 930w\" sizes=\"(max-width: 1024px) 100vw, 1024px\" \/><\/figure>\n<\/div>\n\n\n\n<div class=\"wp-block-column is-layout-flow wp-block-column-is-layout-flow\">\n<figure class=\"wp-block-image size-large\"><img decoding=\"async\" width=\"1024\" height=\"683\" src=\"https:\/\/utla.edu.sv\/wp-content\/uploads\/2023\/05\/DSC04380-1024x683.jpg\" alt=\"\" class=\"wp-image-692\" srcset=\"https:\/\/utla.edu.sv\/wp-content\/uploads\/2023\/05\/DSC04380-1024x683.jpg 1024w, https:\/\/utla.edu.sv\/wp-content\/uploads\/2023\/05\/DSC04380-300x200.jpg 300w, https:\/\/utla.edu.sv\/wp-content\/uploads\/2023\/05\/DSC04380-768x512.jpg 768w, https:\/\/utla.edu.sv\/wp-content\/uploads\/2023\/05\/DSC04380-1536x1024.jpg 1536w, https:\/\/utla.edu.sv\/wp-content\/uploads\/2023\/05\/DSC04380-2048x1365.jpg 2048w, https:\/\/utla.edu.sv\/wp-content\/uploads\/2023\/05\/DSC04380-930x620.jpg 930w\" sizes=\"(max-width: 1024px) 100vw, 1024px\" \/><\/figure>\n<\/div>\n<\/div>\n<\/div><\/div>\n\n\n\n<hr class=\"wp-block-separator has-alpha-channel-opacity\"\/>\n\n\n\n<h2 class=\"wp-block-heading has-medium-font-size\"><strong>Elaboraci\u00f3n de <\/strong>Plan de Emergencia y Evacuaci\u00f3n<strong>, para el Instituto Bethania<\/strong><\/h2>\n\n\n\n<p>Se entrego un Plan de Emergencia y Evacuaci\u00f3n al <a rel=\"noreferrer noopener\" href=\"https:\/\/www.facebook.com\/InstitutoBethaniaSV?__cft__[0]=AZVvq0Vhtwrv8K4J6LFTkmOpvSzMaBm45GCvtyWtYGO_LTBWYeBixfwzENXrpItik8d4z_F4qjMjWGwSFHqFRNpnIX3hFhNiKxLYZgPrhots3vDYCDj68o2NbwYngd5EkGg&amp;__tn__=-]K-R\" target=\"_blank\">Instituto Bethania El Salvador<\/a>, que fue realizado por estudiantes de Ing. Industrial y El\u00e9ctrica, en coordinaci\u00f3n con el Ing. Jos\u00e9 Angel Piche. Con el fin de brindarles un esquema para dar respuesta inmediata, a las situaciones de emergencia de su Instituci\u00f3n; reduciendo al m\u00ednimo, las consecuencias o da\u00f1os humanos o econ\u00f3micos que puedan derivarse la misma. Estamos orgullosos de que nuestros estudiantes, sean capaces de elaborar planes de importancia en los que pone en pr\u00e1ctica la teor\u00eda<\/p>\n\n\n\n<div class=\"wp-block-columns is-layout-flex wp-container-core-columns-is-layout-9d6595d7 wp-block-columns-is-layout-flex\">\n<div class=\"wp-block-column is-layout-flow wp-block-column-is-layout-flow\">\n<figure class=\"wp-block-image size-large\"><img loading=\"lazy\" decoding=\"async\" width=\"1024\" height=\"683\" src=\"https:\/\/utla.edu.sv\/wp-content\/uploads\/2023\/09\/DSC05641-1024x683.jpg\" alt=\"\" class=\"wp-image-1186\" srcset=\"https:\/\/utla.edu.sv\/wp-content\/uploads\/2023\/09\/DSC05641-1024x683.jpg 1024w, https:\/\/utla.edu.sv\/wp-content\/uploads\/2023\/09\/DSC05641-300x200.jpg 300w, https:\/\/utla.edu.sv\/wp-content\/uploads\/2023\/09\/DSC05641-768x512.jpg 768w, https:\/\/utla.edu.sv\/wp-content\/uploads\/2023\/09\/DSC05641-1536x1024.jpg 1536w, https:\/\/utla.edu.sv\/wp-content\/uploads\/2023\/09\/DSC05641-2048x1365.jpg 2048w, https:\/\/utla.edu.sv\/wp-content\/uploads\/2023\/09\/DSC05641-930x620.jpg 930w\" sizes=\"(max-width: 1024px) 100vw, 1024px\" \/><\/figure>\n<\/div>\n\n\n\n<div class=\"wp-block-column is-layout-flow wp-block-column-is-layout-flow\">\n<figure class=\"wp-block-image size-large\"><img loading=\"lazy\" decoding=\"async\" width=\"1024\" height=\"683\" src=\"https:\/\/utla.edu.sv\/wp-content\/uploads\/2023\/09\/DSC05682-1-1024x683.jpg\" alt=\"\" class=\"wp-image-1187\" srcset=\"https:\/\/utla.edu.sv\/wp-content\/uploads\/2023\/09\/DSC05682-1-1024x683.jpg 1024w, https:\/\/utla.edu.sv\/wp-content\/uploads\/2023\/09\/DSC05682-1-300x200.jpg 300w, https:\/\/utla.edu.sv\/wp-content\/uploads\/2023\/09\/DSC05682-1-768x512.jpg 768w, https:\/\/utla.edu.sv\/wp-content\/uploads\/2023\/09\/DSC05682-1-1536x1024.jpg 1536w, https:\/\/utla.edu.sv\/wp-content\/uploads\/2023\/09\/DSC05682-1-2048x1365.jpg 2048w, https:\/\/utla.edu.sv\/wp-content\/uploads\/2023\/09\/DSC05682-1-930x620.jpg 930w\" sizes=\"(max-width: 1024px) 100vw, 1024px\" \/><\/figure>\n<\/div>\n\n\n\n<div class=\"wp-block-column is-layout-flow wp-block-column-is-layout-flow\">\n<figure class=\"wp-block-image size-large\"><img loading=\"lazy\" decoding=\"async\" width=\"1024\" height=\"683\" src=\"https:\/\/utla.edu.sv\/wp-content\/uploads\/2023\/09\/DSC05663-1024x683.jpg\" alt=\"\" class=\"wp-image-1189\" srcset=\"https:\/\/utla.edu.sv\/wp-content\/uploads\/2023\/09\/DSC05663-1024x683.jpg 1024w, https:\/\/utla.edu.sv\/wp-content\/uploads\/2023\/09\/DSC05663-300x200.jpg 300w, https:\/\/utla.edu.sv\/wp-content\/uploads\/2023\/09\/DSC05663-768x512.jpg 768w, https:\/\/utla.edu.sv\/wp-content\/uploads\/2023\/09\/DSC05663-1536x1024.jpg 1536w, https:\/\/utla.edu.sv\/wp-content\/uploads\/2023\/09\/DSC05663-2048x1365.jpg 2048w, https:\/\/utla.edu.sv\/wp-content\/uploads\/2023\/09\/DSC05663-930x620.jpg 930w\" sizes=\"(max-width: 1024px) 100vw, 1024px\" \/><\/figure>\n<\/div>\n<\/div>\n","protected":false},"excerpt":{"rendered":"<p>PROYECCI\u00d3N SOCIAL 2023 \u201cPrograma formativo en inform\u00e1tica aplicada\u201d El objetivo de dicho taller fue brindar conocimientos b\u00e1sicos en inform\u00e1tica para fortalecer la autonom\u00eda socioecon\u00f3mica de las mujeres emprendedoras que son apoyadas por la FAD juventud y AMT (Asociaci\u00f3n de Mujeres Tecle\u00f1as) del municipio de Santa Tecla. En el cual se desenvolvieron de una excelente forma, ampliando sus conocimientos y brind\u00e1ndoles m\u00e1s oportunidades que les permitan crecer en su negocio con ayuda de herramientas de inform\u00e1tica. Elaboraci\u00f3n de Plan de Emergencia y Evacuaci\u00f3n, para el Instituto Bethania Se entrego un Plan de Emergencia y Evacuaci\u00f3n al Instituto Bethania El Salvador, que fue realizado por estudiantes de Ing. Industrial y El\u00e9ctrica, en coordinaci\u00f3n con el Ing. Jos\u00e9 Angel Piche. Con el fin de brindarles un esquema para dar respuesta inmediata, a las situaciones de emergencia de su Instituci\u00f3n; reduciendo al m\u00ednimo, las consecuencias o da\u00f1os humanos o econ\u00f3micos que puedan derivarse la misma. Estamos orgullosos de que nuestros estudiantes, sean capaces de elaborar planes de importancia en los que pone en pr\u00e1ctica la teor\u00eda<\/p>\n","protected":false},"author":2,"featured_media":0,"parent":0,"menu_order":0,"comment_status":"closed","ping_status":"closed","template":"","meta":{"_monsterinsights_skip_tracking":false,"_monsterinsights_sitenote_active":false,"_monsterinsights_sitenote_note":"","_monsterinsights_sitenote_category":0,"neve_meta_sidebar":"","neve_meta_container":"","neve_meta_enable_content_width":"","neve_meta_content_width":0,"neve_meta_title_alignment":"","neve_meta_author_avatar":"","neve_post_elements_order":"","neve_meta_disable_header":"","neve_meta_disable_footer":"","neve_meta_disable_title":"on","footnotes":""},"class_list":["post-682","page","type-page","status-publish","hentry"],"_links":{"self":[{"href":"https:\/\/utla.edu.sv\/index.php?rest_route=\/wp\/v2\/pages\/682","targetHints":{"allow":["GET"]}}],"collection":[{"href":"https:\/\/utla.edu.sv\/index.php?rest_route=\/wp\/v2\/pages"}],"about":[{"href":"https:\/\/utla.edu.sv\/index.php?rest_route=\/wp\/v2\/types\/page"}],"author":[{"embeddable":true,"href":"https:\/\/utla.edu.sv\/index.php?rest_route=\/wp\/v2\/users\/2"}],"replies":[{"embeddable":true,"href":"https:\/\/utla.edu.sv\/index.php?rest_route=%2Fwp%2Fv2%2Fcomments&post=682"}],"version-history":[{"count":11,"href":"https:\/\/utla.edu.sv\/index.php?rest_route=\/wp\/v2\/pages\/682\/revisions"}],"predecessor-version":[{"id":1840,"href":"https:\/\/utla.edu.sv\/index.php?rest_route=\/wp\/v2\/pages\/682\/revisions\/1840"}],"wp:attachment":[{"href":"https:\/\/utla.edu.sv\/index.php?rest_route=%2Fwp%2Fv2%2Fmedia&parent=682"}],"curies":[{"name":"wp","href":"https:\/\/api.w.org\/{rel}","templated":true}]}}

Proyección Social 2023

<figure class="wp-block-pullquote has-medium-font-size"><blockquote><p>PROYECCIÓN SOCIAL 2023</p></blockquote></figure>



<hr class="wp-block-separator has-alpha-channel-opacity"/>



<h2 class="wp-block-heading has-medium-font-size"><strong>“Programa formativo en informática aplicada” </strong></h2>



<p>El objetivo de dicho taller fue brindar conocimientos básicos en informática para fortalecer la autonomía socioeconómica de las mujeres emprendedoras que son apoyadas por la FAD juventud y AMT (Asociación de Mujeres Tecleñas) del municipio de Santa Tecla. En el cual se desenvolvieron de una excelente forma, ampliando sus conocimientos y brindándoles más oportunidades que les permitan crecer en su negocio con ayuda de herramientas de informática.</p>



<div class="wp-block-group"><div class="wp-block-group__inner-container is-layout-constrained wp-block-group-is-layout-constrained">
<div class="wp-block-columns is-layout-flex wp-container-core-columns-is-layout-9d6595d7 wp-block-columns-is-layout-flex">
<div class="wp-block-column is-layout-flow wp-block-column-is-layout-flow">
<figure class="wp-block-image size-large"><img fetchpriority="high" decoding="async" width="1024" height="683" src="https://utla.edu.sv/wp-content/uploads/2023/05/DSC04080-1024x683.jpg" alt="" class="wp-image-690" srcset="https://utla.edu.sv/wp-content/uploads/2023/05/DSC04080-1024x683.jpg 1024w, https://utla.edu.sv/wp-content/uploads/2023/05/DSC04080-300x200.jpg 300w, https://utla.edu.sv/wp-content/uploads/2023/05/DSC04080-768x512.jpg 768w, https://utla.edu.sv/wp-content/uploads/2023/05/DSC04080-1536x1024.jpg 1536w, https://utla.edu.sv/wp-content/uploads/2023/05/DSC04080-2048x1365.jpg 2048w, https://utla.edu.sv/wp-content/uploads/2023/05/DSC04080-930x620.jpg 930w" sizes="(max-width: 1024px) 100vw, 1024px" /></figure>
</div>



<div class="wp-block-column is-layout-flow wp-block-column-is-layout-flow">
<figure class="wp-block-image size-large"><img decoding="async" width="1024" height="683" src="https://utla.edu.sv/wp-content/uploads/2023/05/DSC04370-1024x683.jpg" alt="" class="wp-image-691" srcset="https://utla.edu.sv/wp-content/uploads/2023/05/DSC04370-1024x683.jpg 1024w, https://utla.edu.sv/wp-content/uploads/2023/05/DSC04370-300x200.jpg 300w, https://utla.edu.sv/wp-content/uploads/2023/05/DSC04370-768x512.jpg 768w, https://utla.edu.sv/wp-content/uploads/2023/05/DSC04370-1536x1024.jpg 1536w, https://utla.edu.sv/wp-content/uploads/2023/05/DSC04370-2048x1365.jpg 2048w, https://utla.edu.sv/wp-content/uploads/2023/05/DSC04370-930x620.jpg 930w" sizes="(max-width: 1024px) 100vw, 1024px" /></figure>
</div>



<div class="wp-block-column is-layout-flow wp-block-column-is-layout-flow">
<figure class="wp-block-image size-large"><img decoding="async" width="1024" height="683" src="https://utla.edu.sv/wp-content/uploads/2023/05/DSC04380-1024x683.jpg" alt="" class="wp-image-692" srcset="https://utla.edu.sv/wp-content/uploads/2023/05/DSC04380-1024x683.jpg 1024w, https://utla.edu.sv/wp-content/uploads/2023/05/DSC04380-300x200.jpg 300w, https://utla.edu.sv/wp-content/uploads/2023/05/DSC04380-768x512.jpg 768w, https://utla.edu.sv/wp-content/uploads/2023/05/DSC04380-1536x1024.jpg 1536w, https://utla.edu.sv/wp-content/uploads/2023/05/DSC04380-2048x1365.jpg 2048w, https://utla.edu.sv/wp-content/uploads/2023/05/DSC04380-930x620.jpg 930w" sizes="(max-width: 1024px) 100vw, 1024px" /></figure>
</div>
</div>
</div></div>



<hr class="wp-block-separator has-alpha-channel-opacity"/>



<h2 class="wp-block-heading has-medium-font-size"><strong>Elaboración de </strong>Plan de Emergencia y Evacuación<strong>, para el Instituto Bethania</strong></h2>



<p>Se entrego un Plan de Emergencia y Evacuación al <a rel="noreferrer noopener" href="https://www.facebook.com/InstitutoBethaniaSV?__cft__[0]=AZVvq0Vhtwrv8K4J6LFTkmOpvSzMaBm45GCvtyWtYGO_LTBWYeBixfwzENXrpItik8d4z_F4qjMjWGwSFHqFRNpnIX3hFhNiKxLYZgPrhots3vDYCDj68o2NbwYngd5EkGg&amp;__tn__=-]K-R" target="_blank">Instituto Bethania El Salvador</a>, que fue realizado por estudiantes de Ing. Industrial y Eléctrica, en coordinación con el Ing. José Angel Piche. Con el fin de brindarles un esquema para dar respuesta inmediata, a las situaciones de emergencia de su Institución; reduciendo al mínimo, las consecuencias o daños humanos o económicos que puedan derivarse la misma. Estamos orgullosos de que nuestros estudiantes, sean capaces de elaborar planes de importancia en los que pone en práctica la teoría</p>



<div class="wp-block-columns is-layout-flex wp-container-core-columns-is-layout-9d6595d7 wp-block-columns-is-layout-flex">
<div class="wp-block-column is-layout-flow wp-block-column-is-layout-flow">
<figure class="wp-block-image size-large"><img loading="lazy" decoding="async" width="1024" height="683" src="https://utla.edu.sv/wp-content/uploads/2023/09/DSC05641-1024x683.jpg" alt="" class="wp-image-1186" srcset="https://utla.edu.sv/wp-content/uploads/2023/09/DSC05641-1024x683.jpg 1024w, https://utla.edu.sv/wp-content/uploads/2023/09/DSC05641-300x200.jpg 300w, https://utla.edu.sv/wp-content/uploads/2023/09/DSC05641-768x512.jpg 768w, https://utla.edu.sv/wp-content/uploads/2023/09/DSC05641-1536x1024.jpg 1536w, https://utla.edu.sv/wp-content/uploads/2023/09/DSC05641-2048x1365.jpg 2048w, https://utla.edu.sv/wp-content/uploads/2023/09/DSC05641-930x620.jpg 930w" sizes="(max-width: 1024px) 100vw, 1024px" /></figure>
</div>



<div class="wp-block-column is-layout-flow wp-block-column-is-layout-flow">
<figure class="wp-block-image size-large"><img loading="lazy" decoding="async" width="1024" height="683" src="https://utla.edu.sv/wp-content/uploads/2023/09/DSC05682-1-1024x683.jpg" alt="" class="wp-image-1187" srcset="https://utla.edu.sv/wp-content/uploads/2023/09/DSC05682-1-1024x683.jpg 1024w, https://utla.edu.sv/wp-content/uploads/2023/09/DSC05682-1-300x200.jpg 300w, https://utla.edu.sv/wp-content/uploads/2023/09/DSC05682-1-768x512.jpg 768w, https://utla.edu.sv/wp-content/uploads/2023/09/DSC05682-1-1536x1024.jpg 1536w, https://utla.edu.sv/wp-content/uploads/2023/09/DSC05682-1-2048x1365.jpg 2048w, https://utla.edu.sv/wp-content/uploads/2023/09/DSC05682-1-930x620.jpg 930w" sizes="(max-width: 1024px) 100vw, 1024px" /></figure>
</div>



<div class="wp-block-column is-layout-flow wp-block-column-is-layout-flow">
<figure class="wp-block-image size-large"><img loading="lazy" decoding="async" width="1024" height="683" src="https://utla.edu.sv/wp-content/uploads/2023/09/DSC05663-1024x683.jpg" alt="" class="wp-image-1189" srcset="https://utla.edu.sv/wp-content/uploads/2023/09/DSC05663-1024x683.jpg 1024w, https://utla.edu.sv/wp-content/uploads/2023/09/DSC05663-300x200.jpg 300w, https://utla.edu.sv/wp-content/uploads/2023/09/DSC05663-768x512.jpg 768w, https://utla.edu.sv/wp-content/uploads/2023/09/DSC05663-1536x1024.jpg 1536w, https://utla.edu.sv/wp-content/uploads/2023/09/DSC05663-2048x1365.jpg 2048w, https://utla.edu.sv/wp-content/uploads/2023/09/DSC05663-930x620.jpg 930w" sizes="(max-width: 1024px) 100vw, 1024px" /></figure>
</div>
</div>

<p>PROYECCIÓN SOCIAL 2023 “Programa formativo en informática aplicada” El objetivo de dicho taller fue brindar conocimientos básicos en informática para fortalecer la autonomía socioeconómica de las mujeres emprendedoras que son apoyadas por la FAD juventud y AMT (Asociación de Mujeres Tecleñas) del municipio de Santa Tecla. En el cual se desenvolvieron de una excelente forma, ampliando sus conocimientos y brindándoles más oportunidades que les permitan crecer en su negocio con ayuda de herramientas de informática. Elaboración de Plan de Emergencia y Evacuación, para el Instituto Bethania Se entrego un Plan de Emergencia y Evacuación al Instituto Bethania El Salvador, que fue realizado por estudiantes de Ing. Industrial y Eléctrica, en coordinación con el Ing. José Angel Piche. Con el fin de brindarles un esquema para dar respuesta inmediata, a las situaciones de emergencia de su Institución; reduciendo al mínimo, las consecuencias o daños humanos o económicos que puedan derivarse la misma. Estamos orgullosos de que nuestros estudiantes, sean capaces de elaborar planes de importancia en los que pone en práctica la teoría</p>
